*2 - 5*p + p + 6 + 0*p + p**3. Suppose 0 = g - 5*q - 9, 5*g = 6*g + 5*q + 1. Suppose 0 = -h - 3, -4*h + 2 = 2*c + g. What is d(c)?
11
Let w = 86 + -86. Let q(n) = -n + 3. Let c(a) = -2*a + 6. Let j(z) = -3*c(z) + 5*q(z). What is j(w)?
-3
Let a(r) = 6 + 2*r - 6 - 3*r - 1. Let o(b) = 16*b**2 + 4*b + 3. Let i(u) = 4*a(u) + o(u). Determine i(-1).
15
Let g(i) = 22*i + 74. Let f be g(-3). Let x(k) be the third derivative of -1/24*k**4 + 0*k + 0 - 3/2*k**3 + f*k**2. What is x(0)?
-9
Suppose -7*x - 14 = -8*x. Let j(w) = 3*w**2 - 5*w**3 + 12*w - x*w - 1 + 6*w**3. Calculate j(-2).
7
Let w(k) = -4*k - 7 - 4 + 0*k - 5 + 1. Calculate w(-3).
-3
Let w = 389 + -401. Let m(j) = -j**3 - 12*j**2. What is m(w)?
0
Let w(z) = 2*z**2 - 29*z + 8. Let o(k) = k**2 - 14*k + 4. Let b(y) = -13*o(y) + 6*w(y). Suppose 0*n - 2*l = -n + 12, 0 = -n - l + 3. Calculate b(n).
8
Let h(z) = 9*z**3 - 7*z**2 - 2*z - 6. Let r(s) = 10*s**3 - 8*s**2 - 2*s - 7. Let i(a) = 6*h(a) - 5*r(a). Let y = 39 + -40. Determine i(y).
-5
Let p(n) = 9*n + 42 + 6*n**2 + 12*n**2 - 19*n**2 + 0*n**2. Determine p(12).
6
Let b(n) = -13 - 41*n**2 + 10*n + 40*n**2 + 4. Calculate b(9).
0
Let k(w) = -w + 2. Let f = 20 - 15. Suppose f*d = -4*q + 4 - 2, 2 = -4*d - 5*q. Calculate k(d).
0
Let u(i) be the second derivative of i**3/3 - 15*i**2 + 270*i. What is u(16)?
2
Let l(i) = -i**3 + 5*i**2 + 5*i + 4. Let y = 9 - -23. Let c be y/6 - 6/(-9). Determine l(c).
-2
Let k(r) = -3*r - 11*r**2 + 10*r**2 - 1 + 7*r. Let u = 22 + -20. Let a(s) = -3*s. Let x(l) = u*k(l) + 3*a(l). Determine x(2).
-12
Let j = 165 + -175. Let p(a) = a**2 + 12*a + 7. Give p(j).
-13
Let a(h) be the first derivative of -h**2 - 5*h + 3. Suppose -5*d = -4*d - 5. Let b = d - 9. What is a(b)?
3
Let o(j) = 6 - 2 - 3*j**2 + 4*j**2. Suppose -4*u + 10 = -2*m + 4, 4*u - 21 = -m. Calculate o(m).
29
Let l(q) = q**2 - 4*q - 3. Let h(c) = -c**2 + 11*c - 5. Let w be h(10). Suppose 4*b = w*k + 20 + 15, 3 = -k. Determine l(b).
2
Suppose -2*x - 2*x = -4. Let s = -28 - -34. Let a(g) = -4*g**2 + 13*g - 11. Let q(u) = 2*u**2 - 6*u + 5. Let p(c) = s*a(c) + 13*q(c). What is p(x)?
1
Let c(l) = -l**2 - 8*l + 8. Let k(a) = -a + 1. Let q(d) = -c(d) + 5*k(d). Suppose 20*j = 431 - 551. What is q(j)?
15
Let y(w) = 7*w**2 + 2*w - 17. Let m(t) = -3*t**2 - t + 8. Let h(z) = -9*m(z) - 4*y(z). Give h(2).
-6
Suppose 2*g = -4*k - 44, 0 = -4*g + 2*g - 2*k - 38. Let v = g - -20. Let m(r) = -r**3 + 4*r**2 - r + 3. Determine m(v).
-1
Let x be 4*1/12*3. Let f(d) be the third derivative of -d**4/24 + d**3/6 + 9*d**2. What is f(x)?
0
Let x(g) = 3*g**3 + 5*g**2 - 5*g + 6. Let u(i) = -8*i**3 - 11*i**2 + 12*i - 14. Let t(y) = 2*u(y) + 5*x(y). Determine t(0).
2
Suppose -2*t = 2*t - 20. Let j(w) = -w**2 + 3*w + 1. Determine j(t).
-9
Let v(b) = 2*b + 2. Let n = 4 + -1. Suppose -2*o + 0*o = 5*c - 13, 4*c = -n*o + 9. Let z be (15 - c)/(-2) + 3. Calculate v(z).
-4
Let a(f) be the second derivative of -1/3*f**3 + 0 - 11*f - f**2. Suppose -4*s - 20 = 4*n, 4*s - 3*s = -2*n - 9. What is a(n)?
6
Let t(o) be the second derivative of o**4/12 + o**3/2 + 4*o. Suppose 5*w = h - 12, w + 5*h = 14 - 6. Let a be (w*2)/1*1. What is t(a)?
4
Let k = 142 + -134. Let c(z) = z**3 - 7*z**2 - 6*z - 6. Determine c(k).
10
Let m(a) = -a**3 + 4*a**2 + 2*a - 6. Let p be (2/5)/((-15)/525). Let l be (-2)/(-4) - p/4. Calculate m(l).
2
Let h(w) = -4 + 6*w - w**2 - 2*w + 4*w. Suppose -20*t = 4*t + 6*t - 90. Give h(t).
11
Let t(b) = b**2 + 3*b + 2. Suppose -25*k + 24*k = 6. Give t(k).
20
Let p(z) = -2*z + 13. Let x be p(7). Let f(l) = 49*l**2 - 1. Calculate f(x).
48
Let n(q) = 1884 - 7*q - q**2 - 1884. Give n(-7).
0
Let n(y) = 9*y - 2. Let r(x) = -3*x + 9. Let i(u) = 8*u - 28. Let o(w) = -5*i(w) - 14*r(w). Let c be 22/(-3) - 8/(-6). Let s be o(c). Determine n(s).
16
Let v be 63/18*((2 - 2) + 2). Suppose -v*k - 17 - 11 = 0. Let t(r) = -r**2 - 6*r - 1. Give t(k).
7
Suppose -n = 3*m + 25, -7*m = -2*m - 4*n + 19. Let k(u) be the first derivative of -u**2/2 - 8*u + 1. What is k(m)?
-1
Let y = -15 - -26. Let f = 9 - y. Let w = 3 + f. Let s(l) = -7*l**3 + 2*l**2 - l. Determine s(w).
-6
Let b(n) = 24*n**3 + 31*n**2 - n - 22. Let w(i) = -7*i**3 - 10*i**2 + 7. Let f(s) = -2*b(s) - 7*w(s). What is f(-7)?
30
Let p(s) = -4*s**3 + 14*s**2 - 7*s - 2. Let z(a) = -a**3 + 2*a**2 - a - 1. Let g(x) = -p(x) + 5*z(x). Calculate g(-3).
-18
Let g(l) be the first derivative of -l**2/2 + 5*l - 1. Suppose 5*d = -2*j + 2, j = -2*d - 4 + 5. Suppose 7*h - 4 - 24 = d. Give g(h).
1
Let y(a) = -33*a**2 + 39*a**2 - 3*a - a**3 + 0 + 2. Calculate y(6).
-16
Let m(a) be the first derivative of a**2/2 - 14*a - 135. Give m(8).
-6
Suppose -5 + 13 = 4*v. Let l(n) = -n**3 + 2*n**2 + 5 + v*n + 6 - 11. Let d be 3/(-9)*-3 + 2. What is l(d)?
-3
Let x be (0 - 0) + (-5)/(-1). Let h(s) be the first derivative of 3*s - 22 + 0*s**2 - 1/4*s**4 + 5/3*s**3. Determine h(x).
3
Suppose 0 = 2*v, -5*v - 1 - 3 = -o. Suppose -5*j = -o*j + 7. Let a(y) = -7*y. Let w(m) = 6*m + 1. Let p(l) = 4*a(l) + 5*w(l). Give p(j).
-9
Let z(m) = 13*m + 96. Let s(v) = -4*v - 31. Let b(i) = 11*s(i) + 4*z(i). Determine b(-6).
-5
Let r(x) = -9*x**2 - 14*x + 10. Let q(v) = -5*v**2. Let n(c) = -2*q(c) + r(c). What is n(12)?
-14
Let f(v) = 4*v**2 + 1 - 7 + v + 5 - 5*v**2 - 4*v**3. Let n = 87 + -86. Give f(n).
-5
Let q be (12/8)/((-2)/(-4)). Suppose -4*u + q*u = 6. Let i(b) = b**3 + 6*b**2 + 3*b + 5. Calculate i(u).
-13
Suppose -4*u + 5*c + 11 = 0, -8*u + 6*u + 33 = 3*c. Let l(g) = -g**2 + 8*g + 12. Calculate l(u).
3
Suppose 0 = 4*n - 4*b - 56, -4*n - b - b = -44. Suppose -4*v + n = 56. Let u be v/4 - 1/4. Let w(l) = l + 2. Determine w(u).
-1
Let c = -308 + 444. Let w(k) = -c + 69 - 19*k + 67. Give w(-1).
19
Let i(a) = 9*a - 64. Let r(k) = 10*k - 73. Let o(y) = -8*i(y) + 7*r(y). Let h = -3 - -5. Let b = 4 + h. What is o(b)?
-11
Let d(k) = -k**2 + 4*k - 3. Let j be d(4). Let b(f) = 6638*f**3 + 4*f - 6637*f**3 + 10 - 7 + 4*f**2. Give b(j).
0
Let f(h) = -h**2 + 2. Let w = 47 - 45. Suppose -5*i - k + 6 = 0, -w*i - 3*i = 4*k + 6. Give f(i).
-2
Let q(t) be the first derivative of t**4/4 + 4*t**3 - 7*t**2 - 17*t + 94. Determine q(-13).
-4
Let k(g) = -2*g**2 + 2*g + 4. Let n(q) = 15*q**3 + 2*q + 1. Let f be n(-1). Let i be (f/24)/((-4)/(-42)). Let j = i + 10. Calculate k(j).
-8
Let m(g) = 6*g**3 + g**2 + g - 1. Let v = -21 + 21. Suppose f + 2*f - 9 = v. Suppose 2*q - 15 + 4 = -a, f*q = -a + 16. Determine m(a).
7
Let d(g) = g + 2. Suppose 0 = 5*r + 19 + 6. Let n(w) = -w**2 - 4*w + 7. Let l be n(r). Suppose l*u + 3 + 5 = 0. What is d(u)?
-2
Suppose -55*x = -50*x - 85. Let c be 34/8 - (-1)/(-4). Suppose c*k + 9 = 5*u, 0*k = 2*k - 5*u + x. Let i(s) = s**2 - 3*s + 4. Determine i(k).
8
Let b(o) = -o**3 + 2*o**2 - 3*o. Let r(v) = v**3 - 17*v**2 + 13*v - 11. Let c be r(16). Let d = c - -61. What is b(d)?
-6
Let r(o) = -2*o - 2. Let g(b) = -3*b - 1. Let c(y) = 3*g(y) - 2*r(y). Let z(w) = w**3 + 2*w**2 + 9*w + 66. Let f be z(-4). Determine c(f).
11
Let d(k) = 0*k**2 - 14 + 6*k**2 + k**2 - 4*k - 6*k**2. Let s be d(7). Let z(a) = -a - 4. Determine z(s).
-11
Let t(g) = -g**3 - g**3 - 4 + 5*g**2 + g**3 - 2*g. Let n = -24 - -27. Suppose n*l + 12 = 6*l. Give t(l).
4
Let v = -85 - -91. Let p(i) = -13*i + 20*i - v*i + 2. Give p(-4).
-2
Let x(q) = 15*q**2 - q. Suppose -267 = -21*w - 288. Determine x(w).
16
Let t(p) = 4*p**2 + p - 1. Let b = -3 + 11. Let i be (b/10)/(2/(-10)). Let g = -3 - i. Determine t(g).
4
Let g(v) = 5*v + 9. Let f(o) = -4*o - 9. Let p(d) = 4*f(d) + 3*g(d). Let x be (-2)/((-6)/(-9)) + 3. Calculate p(x).
-9
Let i(s) = -3 + 0*s - 8*s - 10 + 29 - 10. Give i(5).
-34
Let m(v) = -v**2 + 8*v + 7. Let a be (-6)/((-21)/7) + 7. Calculate m(a).
-2
Let x(p) = p**3 + 4*p**2 + 1. Suppose -2*s - 33 + 27 = 0. What is x(s)?
10
Suppose 4*g + 174 = 2*k, g + 2*g + 9 = 0. Let l be ((-18)/15)/(k/30 + -3). Let x(v) = v**3 - 4*v**2 + 3*v - 6. Determine x(l).
6
Let b(v) = 2*v - 4. Let h(i) = 9*i + 2. Let p(r) = -12*b(r) + 3*h(r). Determine p(-16).
6
Let i be 5/(-15) - (-2)/(-3). Suppose -7*a + 3*a + 8 = -4*u, -5*u + 8 = -2*a. Let w(z) = -z - 50 + 51 + a*z. Determine w(i).
-4
Let y = 44 + -44. Let t(z) = z + 4. Let r be t(6). Suppose r = -y*b - 2*b. Let a(s) = -s**3 - 4*s**2 + s - 5. Calculate a(b).
15
Let m(q) = -q**2 - 6*q - 3. Let w be ((-4